{"id":24,"date":"2018-06-26T15:49:35","date_gmt":"2018-06-26T15:49:35","guid":{"rendered":"http:\/\/xn--krperleben-ecb.de\/?page_id=24"},"modified":"2023-11-12T21:06:23","modified_gmt":"2023-11-12T20:06:23","slug":"home","status":"publish","type":"page","link":"https:\/\/xn--krperleben-ecb.de\/?page_id=24","title":{"rendered":"\u00dcber mich"},"content":{"rendered":"\n<h6>&nbsp;<\/h6>\n\n\n\n<div class=\"wp-block-media-text alignwide is-stacked-on-mobile is-image-fill\"><figure class=\"wp-block-media-text__media\" style=\"background-image:url(https:\/\/xn--krperleben-ecb.de\/wp-content\/uploads\/2023\/11\/DSC_7711-1-678x1024.jpg);background-position:50% 50%\"><img loading=\"lazy\" width=\"678\" height=\"1024\" src=\"https:\/\/xn--krperleben-ecb.de\/wp-content\/uploads\/2023\/11\/DSC_7711-1-678x1024.jpg\" alt=\"\" class=\"wp-image-889 size-full\" srcset=\"https:\/\/xn--krperleben-ecb.de\/wp-content\/uploads\/2023\/11\/DSC_7711-1-678x1024.jpg 678w, https:\/\/xn--krperleben-ecb.de\/wp-content\/uploads\/2023\/11\/DSC_7711-1-199x300.jpg 199w, https:\/\/xn--krperleben-ecb.de\/wp-content\/uploads\/2023\/11\/DSC_7711-1-768x1160.jpg 768w, https:\/\/xn--krperleben-ecb.de\/wp-content\/uploads\/2023\/11\/DSC_7711-1-1017x1536.jpg 1017w, https:\/\/xn--krperleben-ecb.de\/wp-content\/uploads\/2023\/11\/DSC_7711-1-1356x2048.jpg 1356w, https:\/\/xn--krperleben-ecb.de\/wp-content\/uploads\/2023\/11\/DSC_7711-1-scaled.jpg 1696w\" sizes=\"(max-width: 678px) 100vw, 678px\" \/><\/figure><div class=\"wp-block-media-text__content\">\n<h4 class=\"has-black-color has-text-color\">Mein Name und Pronomen<\/h4>\n\n\n\n<p class=\"has-black-color has-text-color\">Ich hei\u00dfe Alex. Meine Pronomen sind entweder kein Pronomen oder das Pronomen &#8222;er&#8220;.\u00b9 Auf englisch ist mein Pronomen &#8222;they&#8220;. <\/p>\n\n\n\n<h4 class=\"has-black-color has-text-color\"><span class=\"has-inline-color has-black-color\">Tun<\/span> <\/h4>\n\n\n\n<p><span class=\"has-inline-color has-black-color\">Ich erforsche Freiheit und Ehrlichkeit in Kontakt. Dazu veranstalte ich Seminare und Workshops wie bspw. die <a href=\"https:\/\/k\u00f6rperleben.de\/?page_id=39\" data-type=\"URL\">Raufspiele<\/a>, verschiedene Kontaktseminare sowie Einzelarbeit \/ Coaching. Zudem begeistere ich mich f\u00fcr Krafttraining und leite dies f\u00fcr m\u00f6glichst viele Menschen so gut wie m\u00f6glich unabh\u00e4ngig von sozialen und k\u00f6rperlichen Einschr\u00e4nkungen an. Ein gro\u00dfes Anliegen, das all meine Arbeit durchzieht, liegt f\u00fcr mich im Feminismus, den ich intersektional und queer verstehe. Hier bin ich Teil eines Projekts, welches zielgruppenspez. Aufkl\u00e4rung zu Geschlechterdiskriminierung anbietet. Ein gro\u00dfer Teil meiner Arbeit bezieht sich auf empowernde Veranstaltungen f\u00fcr FLINTAQ-Personen (Frauen, Lesben, inter*, nonbin\u00e4re, trans*, ageschlechtliche, queere Menschen), dabei im Spezifischen f\u00fcr Personen, deren Geschlecht nicht dem entspricht, welches ihnen bei Geburt zugewiesen worden ist.  <\/span><\/p>\n<\/div><\/div>\n\n\n\n<h4 class=\"has-black-color has-text-color\"><span class=\"has-inline-color has-black-color\">Ausbildung<\/span><\/h4>\n\n\n\n<p><span class=\"has-inline-color has-black-color\">Diplom-Psychologe (2014), NLP Master Practitioner (2016), Coach f\u00fcr L\u00f6sungsorientierte Beratung (2017), Kraftsport-Trainer (2015), Gestalttherapeut i.A., Musiker seit fr\u00fchester Kindheit.<\/span><\/p>\n\n\n\n<p style=\"font-size:1px\">.<\/p>\n\n\n\n<h4><span class=\"has-inline-color has-black-color\">Was k\u00f6nnte die Welt ein St\u00fcck besser machen? <\/span><\/h4>\n\n\n\n<p><span class=\"has-inline-color has-black-color\">Ehrlichkeit. In m\u00f6glichst jedem Moment des eigenen Lebens.\u200b Ich glaube daran, dass lustvolles Erleben des Moments uns bef\u00e4higt, aus diesem heraus zu agieren. In solchem Sinne verk\u00f6rperte Lust in Verbindung mit einer absolut ehrlichen Geistes-Grundhaltung schafft &#8211; in meinem Verst\u00e4ndnis &#8211; Authentizit\u00e4t.<\/span><\/p>\n\n\n\n<p><\/p>\n\n\n\n<p>\u00b9 Beispiele: Bei &#8222;kein Pronomen&#8220; verwendet man den Namen, Beispiel: &#8222;Dort l\u00e4uft Alex, gehst du hin und gibst alex den Rucksack?&#8220; Bzw. f\u00fcr das Pronomen &#8222;er&#8220;: &#8222;Dort l\u00e4uft Alex, gehst du hin und gibst ihm den Rucksack?&#8220;<\/p>\n","protected":false},"excerpt":{"rendered":"<p>&nbsp; Mein Name und Pronomen Ich hei\u00dfe Alex. Meine Pronomen sind entweder kein Pronomen oder das Pronomen &#8222;er&#8220;.\u00b9 Auf englisch ist mein Pronomen &#8222;they&#8220;. Tun Ich erforsche Freiheit und Ehrlichkeit [&hellip;]<\/p>\n","protected":false},"author":1,"featured_media":0,"parent":0,"menu_order":0,"comment_status":"closed","ping_status":"closed","template":"","meta":[],"_links":{"self":[{"href":"https:\/\/xn--krperleben-ecb.de\/index.php?rest_route=\/wp\/v2\/pages\/24"}],"collection":[{"href":"https:\/\/xn--krperleben-ecb.de\/index.php?rest_route=\/wp\/v2\/pages"}],"about":[{"href":"https:\/\/xn--krperleben-ecb.de\/index.php?rest_route=\/wp\/v2\/types\/page"}],"author":[{"embeddable":true,"href":"https:\/\/xn--krperleben-ecb.de\/index.php?rest_route=\/wp\/v2\/users\/1"}],"replies":[{"embeddable":true,"href":"https:\/\/xn--krperleben-ecb.de\/index.php?rest_route=%2Fwp%2Fv2%2Fcomments&post=24"}],"version-history":[{"count":38,"href":"https:\/\/xn--krperleben-ecb.de\/index.php?rest_route=\/wp\/v2\/pages\/24\/revisions"}],"predecessor-version":[{"id":895,"href":"https:\/\/xn--krperleben-ecb.de\/index.php?rest_route=\/wp\/v2\/pages\/24\/revisions\/895"}],"wp:attachment":[{"href":"https:\/\/xn--krperleben-ecb.de\/index.php?rest_route=%2Fwp%2Fv2%2Fmedia&parent=24"}],"curies":[{"name":"wp","href":"https:\/\/api.w.org\/{rel}","templated":true}]}}